en 1543 is divided by 15?
13
What is the remainder when 444 is divided by 47?
21
Calculate the remainder when 40 is divided by 9.
4
What is the remainder when 16157 is divided by 10?
7
What is the remainder when 35 is divided by 3?
2
What is the remainder when 4034 is divided by 54?
38
Calculate the remainder when 474 is divided by 215.
44
Calculate the remainder when 131 is divided by 28.
19
What is the remainder when 1192 is divided by 150?
142
Calculate the remainder when 217 is divided by 92.
33
Calculate the remainder when 954 is divided by 29.
26
What is the remainder when 6153 is divided by 76?
73
What is the remainder when 38 is divided by 11?
5
Calculate the remainder when 64881 is divided by 95.
91
What is the remainder when 156 is divided by 17?
3
What is the remainder when 5 is divided by 2?
1
What is the remainder when 2546 is divided by 151?
130
Calculate the remainder when 171 is divided by 16.
11
Calculate the remainder when 1083 is divided by 46.
25
Calculate the remainder when 38 is divided by 26.
12
What is the remainder when 12098 is divided by 89?
83
What is the remainder when 422 is divided by 43?
35
What is the remainder when 61 is divided by 21?
19
Calculate the remainder when 206 is divided by 35.
31
What is the remainder when 761 is divided by 124?
17
Calculate the remainder when 167 is divided by 48.
23
Calculate the remainder when 964 is divided by 482.
0
What is the remainder when 14 is divided by 14?
0
What is the remainder when 497 is divided by 6?
5
Calculate the remainder when 962 is divided by 73.
13
What is the remainder when 1763 is divided by 42?
41
What is the remainder when 108 is divided by 16?
12
What is the remainder when 203 is divided by 26?
21
What is the remainder when 715 is divided by 27?
13
What is the remainder when 1268 is divided by 24?
20
Calculate the remainder when 160 is divided by 81.
79
What is the remainder when 431 is divided by 53?
7
Calculate the remainder when 310 is divided by 24.
22
Calculate the remainder when 453 is divided by 86.
23
Calculate the remainder when 2743 is divided by 34.
23
What is the remainder when 872 is divided by 7?
4
Calculate the remainder when 1228 is divided by 44.
40
What is the remainder when 2912 is divided by 487?
477
Calculate the remainder when 894 is divided by 139.
60
Calculate the remainder when 307 is divided by 78.
73
Calculate the remainder when 2089 is divided by 11.
10
What is the remainder when 2578 is divided by 639?
22
What is the remainder when 1397 is divided by 4?
1
What is the remainder when 104 is divided by 12?
8
What is the remainder when 3178 is divided by 53?
51
What is the remainder when 2608 is divided by 216?
16
What is the remainder when 480 is divided by 61?
53
Calculate the remainder when 2277 is divided by 20.
17
Calculate the remainder when 539 is divided by 268.
3
What is the remainder when 579 is divided by 244?
91
What is the remainder when 611 is divided by 155?
146
Calculate the remainder when 1055 is divided by 176.
175
What is the remainder when 77 is divided by 10?
7
What is the remainder when 782 is divided by 11?
1
Calculate the remainder when 15684 is divided by 212.
208
What is the remainder when 138 is divided by 42?
12
Calculate the remainder when 1379 is divided by 7.
0
Calculate the remainder when 33225 is divided by 284.
281
What is the remainder when 112 is divided by 37?
1
Calculate the remainder when 171 is divided by 29.
26
What is the remainder when 201 is divided by 96?
9
What is the remainder when 854 is divided by 67?
50
Calculate the remainder when 2452 is divided by 2.
0
What is the remainder when 2248 is divided by 58?
44
Calculate the remainder when 1694 is divided by 98.
28
Calculate the remainder when 2924 is divided by 209.
207
What is the remainder when 556 is divided by 113?
104
Calculate the remainder when 1262 is divided by 16.
14
What is the remainder when 478 is divided by 165?
148
What is the remainder when 4476 is divided by 1490?
6
Calculate the remainder when 55 is divided by 6.
1
What is the remainder when 287 is divided by 83?
38
Calculate the remainder when 153 is divided by 82.
71
Calculate the remainder when 166 is divided by 57.
52
Calculate the remainder when 4424 is divided by 123.
119
Calculate the remainder when 46 is divided by 1.
0
Calculate the remainder when 21531 is divided by 6.
3
What is the remainder when 262 is divided by 86?
4
What is the remainder when 270 is divided by 91?
88
Calculate the remainder when 1888 is divided by 22.
18
What is the remainder when 180 is divided by 11?
4
Calculate the remainder when 740 is divided by 12.
8
Calculate the remainder when 2254 is divided by 16.
14
What is the remainder when 33 is divided by 13?
7
Calculate the remainder when 949 is divided by 161.
144
What is the remainder when 1118 is divided by 7?
5
Calculate the remainder when 631 is divided by 312.
7
What is the remainder when 96 is divided by 26?
18
What is the remainder when 494 is divided by 99?
98
Calculate the remainder when 6578 is divided by 7.
5
What is the remainder when 49 is divided by 46?
3
What is the remainder when 225 is divided by 38?
35
What is the remainder when 694 is divided by 24?
22
What is the remainder when 160 is divided by 35?
20
Calculate the remainder when 507 is divided by 4.
3
What is the remainder when 9 is divided by 5?
4
Calculate the remainder when 6472 is divided by 51.
46
Calculate the remainder when 303 is divided by 4.
3
What is the remainder when 251 is divided by 50?
1
What is the remainder when 197 is divided by 68?
61
What is the remainder when 6585 is divided by 12?
9
Calculate the remainder when 282 is divided by 46.
6
Calculate the remainder when 1207 is divided by 31.
29
What is the remainder when 2503 is divided by 831?
10
What is the remainder when 1048 is divided by 35?
33
Calculate the remainder when 43 is divided by 3.
1
What is the remainder when 498 is divided by 10?
8
Calculate the remainder when 408 is divided by 32.
24
What is the remainder when 1625 is divided by 12?
5
Calculate the remainder when 197 is divided by 77.
43
What is the remainder when 139 is divided by 25?
14
Calculate the remainder when 60 is divided by 35.
25
Calculate the remainder when 4346 is divided by 34.
28
What is the remainder when 186 is divided by 9?
6
Calculate the remainder when 92 is divided by 9.
2
What is the remainder when 352 is divided by 118?
116
What is the remainder when 2156 is divided by 19?
9
Calculate the remainder when 232 is divided by 6.
4
Calculate the remainder when 373 is divided by 63.
58
Calculate the remainder when 256 is divided by 64.
0
Calculate the remainder when 882 is divided by 13.
11
Calculate the remainder when 1189 is divided by 22.
1
What is the remainder when 148 is divided by 26?
18
What is the remainder when 50 is divided by 14?
8
What is the remainder when 146 is divided by 76?
70
What is the remainder when 4898 is divided by 63?
47
Calculate the remainder when 92 is divided by 17.
7
What is the remainder when 134 is divided by 27?
26
Calculate the remainder when 252 is divided by 86.
80
What is the remainder when 687 is divided by 180?
147
Calculate the remainder when 624 is divided by 158.
150
Calculate the remainder when 4962 is divided by 7.
6
What is the remainder when 914 is divided by 18?
14
Calculate the remainder when 321 is divided by 85.
66
Calculate the remainder when 101 is divided by 10.
1
Calculate the remainder when 1371 is divided by 135.
21
Calculate the remainder when 544 is divided by 21.
19
Calculate the remainder when 158 is divided by 27.
23
Calculate the remainder when 21056 is divided by 78.
74
Calculate the remainder when 198 is divided by 3.
0
What is the remainder when 322 is divided by 25?
22
What is the remainder when 838 is divided by 21?
19
Calculate the remainder when 104 is divided by 77.
27
Calculate the remainder when 14746 is divided by 4.
2
Calculate the remainder when 234 is divided by 7.
3
What is the remainder when 203 is divided by 51?
50
Calculate the remainder when 544 is divided by 113.
92
Calculate the remainder when 70 is divided by 30.
10
Calculate the remainder when 66 is divided by 31.
4
What is the remainder when 31 is divided by 6?
1
Calcula